{"id":3216,"date":"2021-11-28T18:42:40","date_gmt":"2021-11-28T17:42:40","guid":{"rendered":"https:\/\/www.miss-amber.at\/de\/?post_type=product&#038;p=3216"},"modified":"2024-02-04T17:42:28","modified_gmt":"2024-02-04T16:42:28","slug":"bandana-haarband-pfoten","status":"publish","type":"product","link":"https:\/\/www.miss-amber.at\/de\/produkt\/bandana-haarband-pfoten\/","title":{"rendered":"Bandana Haarband &#8222;Pfoten&#8220;"},"content":{"rendered":"<div class=\"kvgmc6g5 cxmmr5t8 oygrvhab hcukyx3x c1et5uql ii04i59q\">\n<div dir=\"auto\">&#8222;Haarband&#8220; im Pfoten Look<\/div>\n<\/div>\n<div dir=\"auto\"><\/div>\n<div dir=\"auto\">Dank dieses Bandana, auch Knotenhaarband genannt, gibt es keinen Bad-Hair-Day mehr.\u00a0Ob mit oder ohne Knoten&#8230;.. diese bequemen Haarb\u00e4nder liegen voll im Trend und lassen jedes Outfit besonders aussehen!<\/div>\n<div dir=\"auto\">\n<p>Ein sehr elegantes und stilvolles St\u00fcck! Hier haben wir hochwertige Stoffe zu einem einzigartigen Bandana-Stirnband verarbeitet, welches in unterschiedlichen Gr\u00f6\u00dfen erh\u00e4ltlich ist. Unsere\u00a0Haarb\u00e4nder k\u00f6nnen je nach Geschmack sowohl breit, als auch schmal getragen werden. Je nach Wetterlage sch\u00fctzen sie deinen Kopf vor Sonnenstrahlen oder dienen als Schutz f\u00fcr die Ohren.<\/p>\n<\/div>\n<div dir=\"auto\" style=\"text-align: center;\">\n<p>\u2665 <em>Ein ideales Geschenk \u2665<\/em><\/p>\n<p>Alle St\u00fccke werden von uns in Nieder\u00f6sterreich pers\u00f6nlich und ganz individuell f\u00fcr euch in absoluter Kleinstauflage gen\u00e4ht.\u00a0Wir verarbeiten alle Materialien nach der &#8222;<em>Zero Waste Manufacturing&#8220; Technik<\/em>. Bei dieser Methode geht es darum, so effizient wie m\u00f6glich die Materialien zu zu schneiden und verarbeiten, um nur minimalen bis gar keinen Abfall dabei zu erzeugen.<\/p>\n<\/div>\n<p style=\"text-align: center;\"><em>Gut kombinierbar ist dieses Unikat mit unseren Loops, Taschen und Snoods.<\/em><br \/>\n<em>Oder als Partnerlook mit eurer Fellnase oder Kind.<\/em><\/p>\n<p>&nbsp;<\/p>\n<hr \/>\n<p>&nbsp;<\/p>\n<p style=\"padding-left: 40px; text-align: center;\">kann breit oder schmal getragen werden, werden auf Ma\u00df gefertigt<br \/>\nin 2 Breiten erh\u00e4ltlich &#8211; 8 cm und 13 cm<\/p>\n<p style=\"padding-left: 40px; text-align: center;\">Baumwollmischung (95% CO | 5% Elastan) grau|rauchblau|altrosa, Pfoten<\/p>\n<div dir=\"auto\"><\/div>\n<hr \/>\n<p style=\"text-align: center;\"><span style=\"color: #808080;\">Waschempfehlung:\u00a0\u00a030\u00b0C Feinw\u00e4sche | nicht trocknen | nicht bleichen |b\u00fcgeln Stufe 2<br \/>\n<\/span><span style=\"color: #808080;\">R\u00fccknahme:\u00a0Dies ist ein individuell angefertigter Artikel, eine R\u00fcckgabe ist leider nicht m\u00f6glich!<\/span><\/p>\n","protected":false},"excerpt":{"rendered":"<p>warm | weich |\u00a0bequem |Unikat<br \/>\nBreite: 8 cm &amp; 13cm<\/p>\n","protected":false},"featured_media":3219,"comment_status":"closed","ping_status":"closed","template":"","meta":[],"product_cat":[122],"product_tag":[],"_links":{"self":[{"href":"https:\/\/www.miss-amber.at\/de\/wp-json\/wp\/v2\/product\/3216"}],"collection":[{"href":"https:\/\/www.miss-amber.at\/de\/wp-json\/wp\/v2\/product"}],"about":[{"href":"https:\/\/www.miss-amber.at\/de\/wp-json\/wp\/v2\/types\/product"}],"replies":[{"embeddable":true,"href":"https:\/\/www.miss-amber.at\/de\/wp-json\/wp\/v2\/comments?post=3216"}],"wp:featuredmedia":[{"embeddable":true,"href":"https:\/\/www.miss-amber.at\/de\/wp-json\/wp\/v2\/media\/3219"}],"wp:attachment":[{"href":"https:\/\/www.miss-amber.at\/de\/wp-json\/wp\/v2\/media?parent=3216"}],"wp:term":[{"taxonomy":"product_cat","embeddable":true,"href":"https:\/\/www.miss-amber.at\/de\/wp-json\/wp\/v2\/product_cat?post=3216"},{"taxonomy":"product_tag","embeddable":true,"href":"https:\/\/www.miss-amber.at\/de\/wp-json\/wp\/v2\/product_tag?post=3216"}],"curies":[{"name":"wp","href":"https:\/\/api.w.org\/{rel}","templated":true}]}}

<div class="kvgmc6g5 cxmmr5t8 oygrvhab hcukyx3x c1et5uql ii04i59q">
<div dir="auto">&#8222;Haarband&#8220; im Pfoten Look</div>
</div>
<div dir="auto"></div>
<div dir="auto">Dank dieses Bandana, auch Knotenhaarband genannt, gibt es keinen Bad-Hair-Day mehr. Ob mit oder ohne Knoten&#8230;.. diese bequemen Haarbänder liegen voll im Trend und lassen jedes Outfit besonders aussehen!</div>
<div dir="auto">
<p>Ein sehr elegantes und stilvolles Stück! Hier haben wir hochwertige Stoffe zu einem einzigartigen Bandana-Stirnband verarbeitet, welches in unterschiedlichen Größen erhältlich ist. Unsere Haarbänder können je nach Geschmack sowohl breit, als auch schmal getragen werden. Je nach Wetterlage schützen sie deinen Kopf vor Sonnenstrahlen oder dienen als Schutz für die Ohren.</p>
</div>
<div dir="auto" style="text-align: center;">
<p>♥ <em>Ein ideales Geschenk ♥</em></p>
<p>Alle Stücke werden von uns in Niederösterreich persönlich und ganz individuell für euch in absoluter Kleinstauflage genäht. Wir verarbeiten alle Materialien nach der &#8222;<em>Zero Waste Manufacturing&#8220; Technik</em>. Bei dieser Methode geht es darum, so effizient wie möglich die Materialien zu zu schneiden und verarbeiten, um nur minimalen bis gar keinen Abfall dabei zu erzeugen.</p>
</div>
<p style="text-align: center;"><em>Gut kombinierbar ist dieses Unikat mit unseren Loops, Taschen und Snoods.</em><br />
<em>Oder als Partnerlook mit eurer Fellnase oder Kind.</em></p>
<p>&nbsp;</p>
<hr />
<p>&nbsp;</p>
<p style="padding-left: 40px; text-align: center;">kann breit oder schmal getragen werden, werden auf Maß gefertigt<br />
in 2 Breiten erhältlich &#8211; 8 cm und 13 cm</p>
<p style="padding-left: 40px; text-align: center;">Baumwollmischung (95% CO | 5% Elastan) grau|rauchblau|altrosa, Pfoten</p>
<div dir="auto"></div>
<hr />
<p style="text-align: center;"><span style="color: #808080;">Waschempfehlung:  30°C Feinwäsche | nicht trocknen | nicht bleichen |bügeln Stufe 2<br />
</span><span style="color: #808080;">Rücknahme: Dies ist ein individuell angefertigter Artikel, eine Rückgabe ist leider nicht möglich!</span></p>
